{"id":1794,"date":"2025-02-03T08:01:00","date_gmt":"2025-02-03T08:01:00","guid":{"rendered":"https:\/\/clusterdem.ubi.pt\/?page_id=1794"},"modified":"2025-02-23T19:26:22","modified_gmt":"2025-02-23T19:26:22","slug":"patents","status":"publish","type":"page","link":"https:\/\/clusterdem.ubi.pt\/?page_id=1794","title":{"rendered":"Patents"},"content":{"rendered":"<style>\n  table {<br \/>\n    width: 100%;<br \/>\n    border-collapse: collapse;<br \/>\n  }<br \/>\n  th, td {<br \/>\n    border: 1px solid #ddd;<br \/>\n    padding: 10px;<br \/>\n  }<br \/>\n  tr:nth-child(even) {<br \/>\n    background-color: #f2f2f2;<br \/>\n  }<br \/>\n  a {<br \/>\n    color: #0056b3;<br \/>\n    text-decoration: none;<br \/>\n  }<br \/>\n  a:hover {<br \/>\n    text-decoration: underline;<br \/>\n  }<br \/>\n<\/style>\n<table>\n<thead>\n<tr>\n<th>#<\/th>\n<th>Patent Title<\/th>\n<th>Inventors<\/th>\n<th>Year<\/th>\n<th>Patent Number<\/th>\n<\/tr>\n<\/thead>\n<tbody>\n<tr>\n<td>1<\/td>\n<td><a href=\"https:\/\/patents.google.com\/patent\/PT117317B\/pt\">Pulverizador eletrost\u00e1tico baseado em p\u00e1s retr\u00e1teis de alta tens\u00e3o ou anel de controlo ajust\u00e1vel de alta tens\u00e3o<\/a><\/td>\n<td>Frederico Miguel Freire Rodrigues, Jos\u00e9 Carlos P\u00e1scoa Marques, Mohammad Reza Pendar<\/td>\n<td>2021<\/td>\n<td>PT117317<\/td>\n<\/tr>\n<tr>\n<td>2<\/td>\n<td><a href=\"https:\/\/patents.google.com\/patent\/WO2020261149A1\/en\">Flight propulsion system based on rotary and stationary devices<\/a><\/td>\n<td>Mehdi HABIBNIA RAMI, Frederico Miguel FREIRE RODRIGUES, Jos\u00e9 Carlos P\u00c1SCOA MARQUES<\/td>\n<td>2020<\/td>\n<td>WO2020261149A1<\/td>\n<\/tr>\n<tr>\n<td>3<\/td>\n<td><a href=\"https:\/\/patents.google.com\/patent\/PT109753B\/pt\">Sistema inteligente anti-gelo\/degelo para p\u00e1s de turbinas e\u00f3licas cicloidais de eixo vertical<\/a><\/td>\n<td>Jos\u00e9 Carlos P\u00e1scoa Marques, Mohammadmadhi Abdollahzadehsangroudi<\/td>\n<td>2018<\/td>\n<td>PT109753<\/td>\n<\/tr>\n<tr>\n<td>4<\/td>\n<td><a href=\"https:\/\/patents.google.com\/patent\/EP3544391B1\/en\">Ice detection\/protection and flow control system<\/a><\/td>\n<td>Mohammadmahdi ABDOLLAHZADEHSANGROUDI, Jos\u00e9 Carlos P\u00c1SCOA MARQUES, Frederico Miguel FREIRE RODRIGUES<\/td>\n<td>2017<\/td>\n<td>EP3544391B1<\/td>\n<\/tr>\n<\/tbody>\n<\/table>\n","protected":false},"excerpt":{"rendered":"<p># Patent Title Inventors Year Patent Number 1 Pulverizador eletrost\u00e1tico baseado em p\u00e1s retr\u00e1teis de alta tens\u00e3o ou anel de<\/p>\n","protected":false},"author":3,"featured_media":0,"parent":0,"menu_order":0,"comment_status":"closed","ping_status":"closed","template":"","meta":[],"_links":{"self":[{"href":"https:\/\/clusterdem.ubi.pt\/index.php?rest_route=\/wp\/v2\/pages\/1794"}],"collection":[{"href":"https:\/\/clusterdem.ubi.pt\/index.php?rest_route=\/wp\/v2\/pages"}],"about":[{"href":"https:\/\/clusterdem.ubi.pt\/index.php?rest_route=\/wp\/v2\/types\/page"}],"author":[{"embeddable":true,"href":"https:\/\/clusterdem.ubi.pt\/index.php?rest_route=\/wp\/v2\/users\/3"}],"replies":[{"embeddable":true,"href":"https:\/\/clusterdem.ubi.pt\/index.php?rest_route=%2Fwp%2Fv2%2Fcomments&post=1794"}],"version-history":[{"count":13,"href":"https:\/\/clusterdem.ubi.pt\/index.php?rest_route=\/wp\/v2\/pages\/1794\/revisions"}],"predecessor-version":[{"id":2670,"href":"https:\/\/clusterdem.ubi.pt\/index.php?rest_route=\/wp\/v2\/pages\/1794\/revisions\/2670"}],"wp:attachment":[{"href":"https:\/\/clusterdem.ubi.pt\/index.php?rest_route=%2Fwp%2Fv2%2Fmedia&parent=1794"}],"curies":[{"name":"wp","href":"https:\/\/api.w.org\/{rel}","templated":true}]}}